3276654?
False
Is 15 a factor of 1805591110?
False
Is 270 a factor of 38284269?
False
Is 209493480 a multiple of 30?
True
Is 314267250 a multiple of 1815?
True
Is 69929912 a multiple of 26?
True
Is 67464400 a multiple of 14?
False
Is 60 a factor of 57885380?
False
Does 181 divide 4547525586?
False
Is 36 a factor of 164214476?
False
Is 615619321 a multiple of 19?
False
Is 27 a factor of 713600752?
False
Does 623 divide 1670263?
True
Is 235 a factor of 11359430?
True
Is 155055786 a multiple of 1509?
True
Is 2772728824 a multiple of 19?
True
Is 1290 a factor of 392359950?
True
Does 1890 divide 518525280?
True
Is 114460889 a multiple of 30?
False
Is 30 a factor of 20949806?
False
Is 12 a factor of 2001085735?
False
Is 22 a factor of 1610845582?
False
Is 10 a factor of 75094213?
False
Is 888600759 a multiple of 57?
True
Is 313 a factor of 64084967?
False
Is 11357150 a multiple of 74?
True
Is 6087 a factor of 848442582?
True
Is 699682372 a multiple of 1678?
True
Does 28 divide 123842054?
False
Is 3 a factor of 13142859?
True
Is 2303406351 a multiple of 1241?
False
Does 272 divide 3013671600?
True
Does 46 divide 1201438672?
True
Is 2492775410 a multiple of 10435?
True
Does 166 divide 334030346?
True
Is 3256395114 a multiple of 14?
True
Is 93 a factor of 1042795896?
False
Does 11 divide 23170080?
False
Is 330 a factor of 137178676?
False
Is 1101353960 a multiple of 140?
True
Is 13096468 a multiple of 14?
True
Is 34 a factor of 40500543?
False
Is 138316581 a multiple of 25?
False
Does 4 divide 66575062?
False
Does 157 divide 671160556?
True
Is 1413636450 a multiple of 7054?
False
Is 21 a factor of 601142638?
False
Is 228 a factor of 3974716?
False
Is 109427124 a multiple of 1397?
False
Is 11622908 a multiple of 76?
True
Does 24 divide 37670866?
False
Does 238 divide 101817022?
False
Is 1050 a factor of 53371500?
True
Does 176 divide 2496384?
True
Does 5 divide 707582352?
False
Is 42706213 a multiple of 71?
False
Does 7 divide 5741011?
False
Is 293772504 a multiple of 227?
True
Does 3481 divide 266480993?
True
Does 384 divide 1869189120?
True
Is 71 a factor of 1693238530?
True
Is 28067002 a multiple of 34?
False
Is 814161 a multiple of 25?
False
Does 138 divide 21033253?
False
Does 4 divide 1127282436?
True
Is 1986200737 a multiple of 828?
False
Is 505648822 a multiple of 281?
True
Is 81741732 a multiple of 37?
True
Does 7 divide 108617278?
True
Does 172 divide 1583378278?
False
Does 14 divide 87469494?
True
Does 12 divide 1078723449?
False
Is 369 a factor of 511921449?
True
Is 4313482 a multiple of 51?
False
Does 51 divide 23886054?
True
Is 156 a factor of 22417530?
False
Does 217 divide 984168780?
True
Is 8 a factor of 143537577?
False
Is 3606968711 a multiple of 22?
False
Is 885196798 a multiple of 143?
False
Is 29308082 a multiple of 62?
True
Does 177 divide 38659793?
False
Does 3 divide 27619027?
False
Is 10 a factor of 10185220?
True
Does 5681 divide 793541953?
False
Is 4966304 a multiple of 19?
False
Is 171 a factor of 62883211?
False
Does 499 divide 4198443616?
False
Is 2450 a factor of 64950409?
False
Is 25 a factor of 709524618?
False
Does 217 divide 87362030?
True
Is 30 a factor of 182929200?
True
Is 405 a factor of 197244312?
False
Is 343 a factor of 315035553?
True
Does 16 divide 4130204?
False
Does 12 divide 1738734?
False
Does 8 divide 43106872?
True
Is 1683 a factor of 506683964?
False
Does 75 divide 1815541553?
False
Does 8 divide 55390648?
True
Is 1922 a factor of 245410570?
True
Is 25526378 a multiple of 443?
False
Is 55 a factor of 67723260?
True
Is 2235215627 a multiple of 13?
False
Does 594 divide 262100718?
True
Is 50336490 a multiple of 17?
True
Is 64641968 a multiple of 10?
False
Does 33 divide 183887781?
True
Is 104939640 a multiple of 180?
True
Is 291 a factor of 8897986?
False
Does 301 divide 283742767?
True
Is 256591153 a multiple of 7?
True
Does 81 divide 367269942?
False
Is 38 a factor of 1608426?
True
Does 21 divide 38064023?
False
Is 64 a factor of 120497079?
False
Is 38 a factor of 2048504?
True
Is 1225 a factor of 644618275?
True
Is 55081679 a multiple of 107?
False
Is 128491032 a multiple of 38?
False
Is 14481781 a multiple of 271?
False
Does 1911 divide 83163876?
False
Does 300 divide 21762900?
True
Is 94482600 a multiple of 2?
True
Is 12 a factor of 13715070?
False
Does 344 divide 987975608?
False
Does 2233 divide 2169294743?
True
Is 160397937 a multiple of 206?
False
Is 162406206 a multiple of 118?
False
Does 1215 divide 148065975?
True
Is 1933 a factor of 7691407?
True
Is 170 a factor of 325362830?
True
Is 38071860 a multiple of 12?
True
Is 883 a factor of 21765067?
True
Is 19440470 a multiple of 1169?
True
Does 5266 divide 1275661327?
False
Does 14 divide 13661914?
True
Does 137 divide 134840469?
True
Does 611 divide 50326237?
True
Is 15513716 a multiple of 116?
False
Does 39 divide 3337658?
False
Is 1995 a factor of 2598384685?
False
Is 542 a factor of 1360017294?
True
Is 316144956 a multiple of 22?
False
Is 80 a factor of 296606642?
False
Is 363 a factor of 29489649?
False
Is 810 a factor of 24743070?
True
Does 125 divide 1972266000?
True
Is 89480890 a multiple of 8?
False
Does 20 divide 21138160?
True
Is 4651911 a multiple of 2?
False
Does 11 divide 2223917508?
False
Is 1156721776 a multiple of 17?
False
Does 15 divide 129174420?
True
Is 45 a factor of 488535834?
False
Is 431237115 a multiple of 27?
True
Is 482497380 a multiple of 45?
True
Is 527078 a multiple of 1249?
True
Does 531 divide 5401485?
False
Is 199 a factor of 30406886?
False
Is 220 a factor of 1905403835?
False
Is 10 a factor of 207641940?
True
Is 2877840 a multiple of 6?
True
Is 13874868 a multiple of 18?
True
Does 11 divide 134972702?
False
Is 381235266 a multiple of 9?
True
Is 39891201 a multiple of 1230?
False
Is 4489 a factor of 363089708?
False
Is 2574295290 a multiple of 18?
True
Does 168 divide 1250126304?
True
Is 33 a factor of 2059515962?
False
Is 57 a factor of 1041980775?
False
Is 6300985 a multiple of 2207?
True
Does 1166 divide 260189402?
True
Is 9 a factor of 56279241?
True
Is 2658291851 a multiple of 417?
False
Is 161 a factor of 276711344?
True
Is 24391180 a multiple of 44?
True
Does 260 divide 519429600?
False
Is 53925732 a multiple of 2726?
True
Is 7 a factor of 1799043380?
False
Does 59 divide 41336762?
False
Is 5 a factor of 274199?
False
Is 35251489 a multiple of 13?
True
Does 1345 divide 29580254?
False
Does 277 divide 53924792?
False
Does 3 divide 11416477?
False
Is 2451 a factor of 15667793?
False
Is 90140168 a multiple of 608?
False
Is 5612885331 a multiple of 43?
True
Is 3366 a factor of 1850125266?
True
Is 688104344 a multiple of 1103?
True
Does 4613 divide 66321101?
True
Is 1273693092 a multiple of 21?
True
Does 8 divide 508742?
False
Is 31 a factor of 632735885?
True
Does 7 divide 42286120?
False
Is 2078 a factor of 53385898?
True
Does 17 divide 2026910085?
True
Does 432 divide 42210959?
False
Is 76 a factor of 5975728?
True
Does 293 divide 332890476?
False
Is 5169 a factor of 2784938313?
True
Does 3 divide 8550840?
True
Does 1035 divide 186700545?
True
Is 110338917 a multiple of 3?
True
Is 17096588 a multiple of 11?
False
Is 502 a factor of 30115832?
False
Is 84 a factor of 629412716?
False
Does 636 divide 82597320?
True
Is 1248 a factor of 807456?
True
Is 27 a factor of 265350669?
False
Is 6 a factor of 1325832?
True
Does 100 divide 217818500?
True
Is 280 a factor of 521714?
False
Does 363 divide 52727565?
True
Is 3 a factor of 8480222?
False
Is 51828712 a multiple of 52?
True
Is 2382150 a multiple of 14?
False
Is 39744465 a multiple of 376?
False
Is 329 a factor of 8414833?
True
Is 49915404 a multiple of 9?
True
Is 16 a factor of 224171728?
True
Is 38 a factor of 3263660970?
True
Does 3 divide 37209666?
True
Is 4859354709 a multiple of 19?
True
Is 36543563 a multiple of 13?
False
Does 3985 divide 4178162674?
False
Is 74 a factor of 120813732?
True
Is 28 a factor of 8022308?
True
Is 364594592 a multiple of 19?
False
Does 39 divide 36132915?
True
Is 69 a factor of 136770489?
True
Is 30300033 a multiple of 23?
False
Does 21 divide 41312157?
False
Is 7275 a factor of 3256500975?
True
Is 2841 a factor of 230280096?
True
Is 61635488 a multiple of 32?
True
Is 98740985 a multiple of 35?
True
Does 7 divide 10920827?
F